is the units digit of 8102?
2
What is the thousands digit of 17564?
7
What is the tens digit of 77?
7
What is the hundreds digit of 7034?
0
What is the ten thousands digit of 76167?
7
What is the ten thousands digit of 13433?
1
What is the tens digit of 2741?
4
What is the hundreds digit of 1165?
1
What is the ten thousands digit of 21234?
2
What is the tens digit of 34754?
5
What is the thousands digit of 1475?
1
What is the tens digit of 1252?
5
What is the thousands digit of 2709?
2
What is the hundreds digit of 33970?
9
What is the units digit of 672?
2
What is the thousands digit of 3451?
3
What is the units digit of 2608?
8
What is the hundreds digit of 3019?
0
What is the units digit of 232?
2
What is the ten thousands digit of 33070?
3
What is the units digit of 1169?
9
What is the hundreds digit of 15856?
8
What is the units digit of 176631?
1
What is the hundreds digit of 10088?
0
What is the units digit of 70?
0
What is the hundreds digit of 10498?
4
What is the ten thousands digit of 10104?
1
What is the units digit of 2562?
2
What is the units digit of 18411?
1
What is the thousands digit of 3387?
3
What is the tens digit of 4492?
9
What is the hundreds digit of 39754?
7
What is the tens digit of 1558?
5
What is the units digit of 222?
2
What is the hundreds digit of 1709?
7
What is the ten thousands digit of 82620?
8
What is the units digit of 715?
5
What is the tens digit of 32879?
7
What is the thousands digit of 4720?
4
What is the thousands digit of 2752?
2
What is the hundreds digit of 4547?
5
What is the hundreds digit of 3306?
3
What is the thousands digit of 19777?
9
What is the hundreds digit of 36264?
2
What is the units digit of 617?
7
What is the tens digit of 1110?
1
What is the tens digit of 186235?
3
What is the thousands digit of 2767?
2
What is the tens digit of 379?
7
What is the hundreds digit of 13562?
5
What is the tens digit of 801?
0
What is the thousands digit of 4161?
4
What is the hundreds digit of 682?
6
What is the hundreds digit of 10383?
3
What is the units digit of 6434?
4
What is the hundreds digit of 23784?
7
What is the hundreds digit of 8244?
2
What is the hundreds digit of 8973?
9
What is the hundreds digit of 784?
7
What is the hundreds digit of 3393?
3
What is the tens digit of 48070?
7
What is the ten thousands digit of 17572?
1
What is the tens digit of 527?
2
What is the ten thousands digit of 185106?
8
What is the thousands digit of 2104?
2
What is the units digit of 1330?
0
What is the hundreds digit of 369?
3
What is the tens digit of 29762?
6
What is the tens digit of 208?
0
What is the thousands digit of 1533?
1
What is the ten thousands digit of 22638?
2
What is the hundreds digit of 6820?
8
What is the thousands digit of 2018?
2
What is the hundreds digit of 64639?
6
What is the ten thousands digit of 15269?
1
What is the hundreds digit of 1248?
2
What is the tens digit of 1591?
9
What is the hundreds digit of 1755?
7
What is the thousands digit of 8607?
8
What is the thousands digit of 25180?
5
What is the thousands digit of 4144?
4
What is the tens digit of 39681?
8
What is the hundreds digit of 1256?
2
What is the tens digit of 8000?
0
What is the tens digit of 955?
5
What is the units digit of 12908?
8
What is the tens digit of 9000?
0
What is the thousands digit of 41928?
1
What is the units digit of 15269?
9
What is the tens digit of 6650?
5
What is the tens digit of 23241?
4
What is the hundreds digit of 566?
5
What is the thousands digit of 48559?
8
What is the tens digit of 79?
7
What is the units digit of 6680?
0
What is the tens digit of 4658?
5
What is the tens digit of 32899?
9
What is the units digit of 124229?
9
What is the hundreds digit of 9679?
6
What is the ten thousands digit of 12232?
1
What is the ten thousands digit of 28685?
2
What is the tens digit of 21176?
7
What is the tens digit of 1116?
1
What is the units digit of 3854?
4
What is the hundreds digit of 434?
4
What is the tens digit of 7353?
5
What is the units digit of 575?
5
What is the ten thousands digit of 28681?
2
What is the hundreds digit of 7636?
6
What is the tens digit of 1384?
8
What is the units digit of 6638?
8
What is the units digit of 5837?
7
What is the units digit of 24911?
1
What is the units digit of 58088?
8
What is the units digit of 1648?
8
What is the tens digit of 5336?
3
What is the ten thousands digit of 47462?
4
What is the ten thousands digit of 31428?
3
What is the hundreds digit of 2363?
3
What is the hundreds digit of 33642?
6
What is the tens digit of 1633?
3
What is the hundreds digit of 25422?
4
What is the hundreds digit of 822?
8
What is the thousands digit of 19368?
9
What is the units digit of 4698?
8
What is the tens digit of 2299?
9
What is the tens digit of 3422?
2
What is the tens digit of 39913?
1
What is the units digit of 202?
2
What is the hundreds digit of 16866?
8
What is the tens digit of 836?
3
What is the units digit of 11131?
1
What is the ten thousands digit of 39865?
3
What is the ten thousands digit of 47690?
4
What is the units digit of 867?
7
What is the tens digit of 1267?
6
What is the tens digit of 4178?
7
What is the ten thousands digit of 22665?
2
What is the thousands digit of 8724?
8
What is the hundreds digit of 507?
5
What is the tens digit of 42397?
9
What is the tens digit of 3826?
2
What is the thousands digit of 1176?
1
What is the tens digit of 2884?
8
What is the tens digit of 2250?
5
What is the ten thousands digit of 86297?
8
What is the thousands digit of 2065?
2
What is the units digit of 1185?
5
What is the units digit of 7317?
7
What is the tens digit of 4019?
1
What is the tens digit of 1777?
7
What is the units digit of 3386?
6
What is the tens digit of 836?
3
What is the tens digit of 618?
1
What is the thousands digit of 3788?
3
What is the hundreds digit of 120?
1
What is the tens digit of 97055?
5
What is the hundreds digit of 1145?
1
What is the ten thousands digit of 21703?
2
What is the tens digit of 61991?
9
What is the thousands digit of 4056?
4
What is the thousands digit of 4597?
4
What is the tens digit of 26930?
3
What is the tens digit of 345?
4
What is the ten thousands digit of 11669?
1
What is the thousands digit of 3755?
3
What is the units digit of 21087?
7
What is the hundreds digit of 892?
8
What is the units digit of 137?
7
What is the hundreds digit of 55000?
0
What is the units digit of 606?
6
What is the thousands digit of 2988?
2
What is the ten thousands digit of 13458?
1
What is the thousands digit of 1186?
1
What is the units digit of 8069?
9
What is the units digit of 11536?
6
What is the units digit of 343?
3
What is the hundreds digit of 187?
1
What is the ten thousands digit of 26648?
2
What is the hundreds digit of 2123?
1
What is the tens digit of 625?
2
What is the units digit of 183?
3
What is the tens digit of 1526?
2
What is the units digit of 648?
8
What is the hundreds digit of 89943?
9
What is the tens digit of 115579?
7
What is the ten thousands digit of 28955?
2
What is the tens digit of 827?
2
What is the units digit of 161899?
9
What is the tens digit of 66116?
1
What is the hundreds digit of 21320?
3
What is the hundreds digit of 62444?
4
What is the units digit of 3003?
3
What is the ten thousands digit of 31549?
3
What is the tens digit of 64566?
6
What is the tens digit of 3594?
9
What is the tens digit of 1203?
0
What is the thousands digit of 9133?
9
What is the units digit of 3745?
5
What is the hundreds digit of 1058?
0
What is the units digit of 2287?
7
What is the hundreds digit of 3879?
8
What is the units digit of 72459?
9
What is the tens digit of 57?
5
What is the units digit of 65?
5
What is the tens digit of 13093?
9
What is the tens digit of 6505?
0
What is the units digit of 644?
4
What is the thousands digit of 12234?
2
What is the tens digit of 22457?
5
What is the hundreds digit of 7322?
3
What is the thousands digit of 25434?
5
What is the thousands digit of 1412?
1
What is the hundreds digit of 1064?
0
What is the hundreds digit of 908?
9
What is the units digit of 1401?
1
What is the thousands digit of 1886?
1
What is the thousands digit of 7889?
7
What is the thousands digit of 5118?
5
What is the units digit of 535?
5
What is the thousands digit of